he remainder when 23372 is divided by 27.
17
What is the remainder when 495917 is divided by 82?
63
What is the remainder when 5515 is divided by 183?
25
What is the remainder when 6978 is divided by 627?
81
Calculate the remainder when 16983 is divided by 8486.
11
Calculate the remainder when 3364 is divided by 365.
79
What is the remainder when 7855 is divided by 625?
355
Calculate the remainder when 551086 is divided by 349.
15
What is the remainder when 1222 is divided by 57?
25
Calculate the remainder when 332480 is divided by 341.
5
What is the remainder when 162300 is divided by 277?
255
Calculate the remainder when 33385 is divided by 1450.
35
What is the remainder when 354103 is divided by 8?
7
What is the remainder when 16699 is divided by 56?
11
Calculate the remainder when 141300 is divided by 67.
64
Calculate the remainder when 18247 is divided by 435.
412
Calculate the remainder when 66114 is divided by 22030.
24
What is the remainder when 37659 is divided by 181?
11
What is the remainder when 101597 is divided by 477?
473
What is the remainder when 853 is divided by 428?
425
What is the remainder when 2715 is divided by 45?
15
What is the remainder when 248 is divided by 56?
24
What is the remainder when 292 is divided by 78?
58
What is the remainder when 2231 is divided by 125?
106
What is the remainder when 26128 is divided by 1306?
8
What is the remainder when 599553 is divided by 34?
31
Calculate the remainder when 3101 is divided by 347.
325
Calculate the remainder when 17912 is divided by 1377.
11
Calculate the remainder when 3504 is divided by 876.
0
What is the remainder when 349039 is divided by 122?
119
Calculate the remainder when 3505 is divided by 28.
5
Calculate the remainder when 2123 is divided by 29.
6
Calculate the remainder when 2065 is divided by 794.
477
Calculate the remainder when 3400 is divided by 1130.
10
Calculate the remainder when 128361 is divided by 68.
45
What is the remainder when 132479 is divided by 96?
95
What is the remainder when 1475712 is divided by 22?
18
Calculate the remainder when 52025 is divided by 41.
37
Calculate the remainder when 9571 is divided by 226.
79
Calculate the remainder when 10231 is divided by 3399.
34
What is the remainder when 52647 is divided by 17?
15
What is the remainder when 20451 is divided by 5112?
3
Calculate the remainder when 981301 is divided by 403.
399
What is the remainder when 527632 is divided by 91?
14
What is the remainder when 1391 is divided by 103?
52
Calculate the remainder when 77118 is divided by 86.
62
Calculate the remainder when 7529 is divided by 113.
71
Calculate the remainder when 878 is divided by 589.
289
Calculate the remainder when 4617 is divided by 274.
233
Calculate the remainder when 501675 is divided by 43.
37
Calculate the remainder when 38650 is divided by 465.
55
What is the remainder when 78193 is divided by 340?
333
What is the remainder when 78427 is divided by 22?
19
Calculate the remainder when 62520 is divided by 36.
24
What is the remainder when 3681 is divided by 303?
45
Calculate the remainder when 3779 is divided by 884.
243
Calculate the remainder when 6255 is divided by 1250.
5
What is the remainder when 6150 is divided by 34?
30
Calculate the remainder when 199469 is divided by 1635.
1634
What is the remainder when 6158 is divided by 8?
6
Calculate the remainder when 12016 is divided by 85.
31
What is the remainder when 390505 is divided by 323?
321
What is the remainder when 6100 is divided by 73?
41
What is the remainder when 305625 is divided by 3473?
1
What is the remainder when 139 is divided by 68?
3
What is the remainder when 391 is divided by 13?
1
Calculate the remainder when 1436 is divided by 1178.
258
What is the remainder when 2531 is divided by 105?
11
What is the remainder when 10868 is divided by 15?
8
Calculate the remainder when 18607 is divided by 893.
747
What is the remainder when 292 is divided by 148?
144
What is the remainder when 20722 is divided by 33?
31
What is the remainder when 58884 is divided by 2447?
156
Calculate the remainder when 215233 is divided by 1050.
1033
Calculate the remainder when 793 is divided by 167.
125
What is the remainder when 2410 is divided by 719?
253
What is the remainder when 188396 is divided by 261?
215
What is the remainder when 689 is divided by 7?
3
What is the remainder when 9766 is divided by 104?
94
Calculate the remainder when 12825 is divided by 48.
9
What is the remainder when 3022 is divided by 1509?
4
Calculate the remainder when 23432 is divided by 7809.
5
What is the remainder when 956 is divided by 401?
154
Calculate the remainder when 592014 is divided by 22.
16
What is the remainder when 59355 is divided by 5915?
205
Calculate the remainder when 120069 is divided by 569.
10
Calculate the remainder when 3941 is divided by 664.
621
Calculate the remainder when 7144 is divided by 338.
46
Calculate the remainder when 9908 is divided by 4941.
26
What is the remainder when 4590122 is divided by 196?
194
Calculate the remainder when 1050 is divided by 444.
162
Calculate the remainder when 1906 is divided by 926.
54
What is the remainder when 3967 is divided by 3964?
3
Calculate the remainder when 112989 is divided by 66.
63
What is the remainder when 119720 is divided by 4788?
20
What is the remainder when 3247 is divided by 235?
192
Calculate the remainder when 260 is divided by 41.
14
What is the remainder when 37800 is divided by 7555?
25
Calculate the remainder when 983 is divided by 467.
49
What is the remainder when 6995 is divided by 993?
44
What is the remainder when 4089 is divided by 4078?
11
Calculate the remainder when 11347 is divided by 227.
224
Calculate the remainder when 750 is divided by 86.
62
Calculate the remainder when 7173 is divided by 140.
33
What is the remainder when 11732 is divided by 731?
36
Calculate the remainder when 338 is divided by 7.
2
What is the remainder when 6177 is divided by 699?
585
Calculate the remainder when 3068 is divided by 25.
18
What is the remainder when 19905 is divided by 3312?
33
Calculate the remainder when 133343 is divided by 6667.
3
What is the remainder when 1299 is divided by 641?
17
Calculate the remainder when 114696 is divided by 20.
16
What is the remainder when 7545 is divided by 44?
21
Calculate the remainder when 40444 is divided by 1261.
92
Calculate the remainder when 172618 is divided by 99.
61
What is the remainder when 24691 is divided by 170?
41
What is the remainder when 1162 is divided by 574?
14
What is the remainder when 285623 is divided by 34?
23
Calculate the remainder when 53475 is divided by 3332.
163
Calculate the remainder when 141907 is divided by 28380.
7
What is the remainder when 72865 is divided by 36430?
5
Calculate the remainder when 348208 is divided by 181.
145
What is the remainder when 3624 is divided by 158?
148
Calculate the remainder when 382863 is divided by 95.
13
Calculate the remainder when 6979 is divided by 994.
21
Calculate the remainder when 7357 is divided by 595.
217
What is the remainder when 11167 is divided by 2789?
11
Calculate the remainder when 811 is divided by 204.
199
What is the remainder when 44210 is divided by 11011?
166
Calculate the remainder when 459168 is divided by 223.
11
Calculate the remainder when 3190 is divided by 1140.
910
What is the remainder when 43815 is divided by 43?
41
Calculate the remainder when 53004 is divided by 482.
466
What is the remainder when 49200 is divided by 27?
6
Calculate the remainder when 7051922 is divided by 44.
42
Calculate the remainder when 413034 is divided by 82604.
14
What is the remainder when 50 is divided by 19?
12
What is the remainder when 74724 is divided by 68?
60
What is the remainder when 200348 is divided by 193?
14
Calculate the remainder when 21923 is divided by 952.
27
Calculate the remainder when 5037 is divided by 4606.
431
Calculate the remainder when 2732 is divided by 868.
128
What is the remainder when 33960 is divided by 33869?
91
Calculate the remainder when 54343 is divided by 27133.
77
What is the remainder when 80120 is divided by 129?
11
What is the remainder when 5819 is divided by 1078?
429
What is the remainder when 151213 is divided by 51?
49
What 